{"id":94,"date":"2023-09-22T18:15:43","date_gmt":"2023-09-22T21:15:43","guid":{"rendered":"https:\/\/dublagemviva.com.br\/?page_id=94"},"modified":"2023-09-22T18:38:03","modified_gmt":"2023-09-22T21:38:03","slug":"manifesto","status":"publish","type":"page","link":"https:\/\/dublagemviva.com.br\/index.php\/manifesto\/","title":{"rendered":"Manifesto"},"content":{"rendered":"<div class=\"wp-block-image\">\n<figure class=\"aligncenter size-full is-resized\"><img loading=\"lazy\" decoding=\"async\" src=\"http:\/\/dublagemviva.com.br\/wp-content\/uploads\/2023\/08\/WhatsApp-Image-2023-08-21-at-17.34.41-1.jpeg\" alt=\"\" class=\"wp-image-29\" style=\"width:502px;height:356px\" width=\"502\" height=\"356\" srcset=\"https:\/\/dublagemviva.com.br\/wp-content\/uploads\/2023\/08\/WhatsApp-Image-2023-08-21-at-17.34.41-1.jpeg 842w, https:\/\/dublagemviva.com.br\/wp-content\/uploads\/2023\/08\/WhatsApp-Image-2023-08-21-at-17.34.41-1-300x212.jpeg 300w, https:\/\/dublagemviva.com.br\/wp-content\/uploads\/2023\/08\/WhatsApp-Image-2023-08-21-at-17.34.41-1-768x544.jpeg 768w\" sizes=\"auto, (max-width: 502px) 100vw, 502px\" \/><\/figure>\n<\/div>\n\n\n<p class=\"has-text-align-center has-medium-font-size\"><strong>MANIFESTO PELA REGULAMENTA\u00c7\u00c3O DA IA<\/strong>&nbsp;<\/p>\n\n\n\n<p class=\"has-medium-font-size\">Neste momento hist\u00f3rico, n\u00f3s, profissionais de Dublagem do Brasil, nos manifestamos pela regulamenta\u00e7\u00e3o do uso de Intelig\u00eancia Artificial (IA) em nosso setor e em todo setor de arte e cultura considerando que ela pode trazer muitos preju\u00edzos.<\/p>\n\n\n\n<p class=\"has-medium-font-size\">A dublagem \u00e9 uma forma de adapta\u00e7\u00e3o audiovisual que permite que pessoas que n\u00e3o compreendem a l\u00edngua original de um filme ou programa de TV possam apreci\u00e1-lo.&nbsp;<\/p>\n\n\n\n<p class=\"has-medium-font-size\">A IA pode ajudar no combate a pirataria de conte\u00fado ao fornecer mecanismos mais eficazes para detectar e bloquear reprodu\u00e7\u00f5es ilegais. Criar mecanismos de reconhecimento de voz e an\u00e1lise de conte\u00fado para identificar tentativas de uso n\u00e3o autorizado de material dublado, protegendo os direitos autorais e conexos de seus detentores, garantindo que os artistas e est\u00fadios sejam devidamente remunerados por cada exibi\u00e7\u00e3o, conforme versam as leis sobre o tema no nosso pa\u00eds.&nbsp;<\/p>\n\n\n\n<p class=\"has-medium-font-size\">A regulamenta\u00e7\u00e3o deve ser elaborada de forma a equilibrar os avan\u00e7os tecnol\u00f3gicos com a preserva\u00e7\u00e3o de empregos e garantir a qualidade da dublagem, mantendo o respeito aos profissionais e \u00e0 ind\u00fastria audiovisual, que possui imensa cadeia produtiva. Desde a necess\u00e1ria instala\u00e7\u00e3o de sedes de distribuidores no territ\u00f3rio, garantindo maior proximidade e compromisso nas rela\u00e7\u00f5es de trabalho e arte, passando pela recep\u00e7\u00e3o do est\u00fadio de capta\u00e7\u00e3o e infraestrutura com a finaliza\u00e7\u00e3o at\u00e9 o controle de qualidade e transmiss\u00e3o final, considerando especialmente a necess\u00e1ria obedi\u00eancia \u00e0s leis que regimentam o trabalho art\u00edstico no pa\u00eds.&nbsp;<\/p>\n\n\n\n<p class=\"has-medium-font-size\">A IA n\u00e3o deve ser usada para reproduzir vozes de atores em outros idiomas para L\u00edngua Portuguesa Brasileira a finalidade de substituir os dubladores. \u00c9 essencial preservar a express\u00e3o vocal, emo\u00e7\u00e3o e interpreta\u00e7\u00e3o art\u00edstica que os profissionais trazem para o processo de dublagem. A tecnologia deve ser vista como uma ferramenta complementar, n\u00e3o como um substituto.<\/p>\n\n\n\n<p class=\"has-medium-font-size\">O uso de IA na dublagem deve estar em conformidade com as leis de direitos autorais e respeitar os contratos de trabalho e acordos estabelecidos com os detentores dos direitos.&nbsp;<\/p>\n\n\n\n<p class=\"has-medium-font-size\">A IA n\u00e3o deve ser usada para promover ou perpetuar estere\u00f3tipos, discrimina\u00e7\u00e3o racial, \u00e9tnica, de g\u00eanero ou qualquer forma de discrimina\u00e7\u00e3o e preconceito. \u00c9 preciso regulamentar para prever princ\u00edpios \u00e9ticos e evitar quaisquer formas de discrimina\u00e7\u00e3o, por seguir algoritmos que reproduzem e promovem representa\u00e7\u00f5es inadequadas de grupos sociais.<\/p>\n\n\n\n<p class=\"has-medium-font-size\">\u00c9 fundamental que a regulamenta\u00e7\u00e3o seja elaborada de forma abrangente e consulte todos os envolvidos no setor, incluindo profissionais da dublagem, est\u00fadios de produ\u00e7\u00e3o, detentores de direitos autorais, especialistas e sociedade civil.&nbsp;<\/p>\n\n\n\n<p class=\"has-medium-font-size\">Mesmo que haja avan\u00e7os na&nbsp; tradu\u00e7\u00e3o autom\u00e1tica, ela ainda est\u00e1 sujeita a erros e dificuldades na interpreta\u00e7\u00e3o correta do contexto e inten\u00e7\u00e3o do di\u00e1logo. Isso pode levar a tradu\u00e7\u00f5es equivocadas e at\u00e9 mesmo distor\u00e7\u00e3o da mensagem original, afetando negativamente a autenticidade&nbsp; da L\u00edngua P\u00e1tria, como S\u00edmbolo Nacional num processo&nbsp; de dublagem feito fora no pa\u00eds, por m\u00e1quinas ou pessoas que n\u00e3o estejam em contato frequente com as varia\u00e7\u00f5es lingu\u00edsticas que enriquecem a nossa Linguagem e refer\u00eancias culturais-sociais.<\/p>\n\n\n\n<p class=\"has-medium-font-size\">Nesse quesito ter profissionais Diretores de Dublagem cada vez mais qualificados artisticamente \u00e9 fundamental para a compreens\u00e3o do processo como um todo, incluindo as especificidades de cada obra, para assim escalar profissionais garantindo a adequa\u00e7\u00e3o na escolha das vozes, na dire\u00e7\u00e3o da&nbsp; interpreta\u00e7\u00e3o do artista dublador , adapta\u00e7\u00e3o dos textos, supervis\u00e3o para garantir&nbsp; a&nbsp; coer\u00eancia e coes\u00e3o do processo de dublagem, com a obra original e as ferramentas tecnol\u00f3gicas.&nbsp;<\/p>\n\n\n\n<p class=\"has-medium-font-size\">Assim sendo, devemos zelar para que nenhum trabalho de cria\u00e7\u00e3o art\u00edstico-cultural, especialmente em dublagem, seja substitu\u00eddo pela intelig\u00eancia artificial sob pena das necessidades humanas de exist\u00eancia, de labor e evolu\u00e7\u00e3o se tornarem inferiores a necessidade de exist\u00eancia de uma intelig\u00eancia artificial.<\/p>\n\n\n\n<p class=\"has-medium-font-size\">Evolu\u00e7\u00e3o esta que se d\u00e1 atrav\u00e9s&nbsp; das diversas manifesta\u00e7\u00f5es art\u00edsticas como consumidor e mormente, como artista. Visto que estes s\u00e3o seres de voca\u00e7\u00e3o singular para expressar emo\u00e7\u00f5es conhecidas e desconhecidas da humanidade atrav\u00e9s dos tempos e espa\u00e7os levando outros seres a se conectarem com emo\u00e7\u00f5es, percep\u00e7\u00f5es, saberes, vis\u00f5es e uma infinidade de conjecturas que s\u00f3 a arte exercida por seres humanos, seres vivos, pode tornar emp\u00e1tica e carism\u00e1tica. Porque desperta a compreens\u00e3o de valores por identifica\u00e7\u00e3o natural.<\/p>\n\n\n\n<p class=\"has-medium-font-size\">Vivemos em tempos de busca por representatividade em todos os setores da sociedade.&nbsp;<\/p>\n\n\n\n<p class=\"has-medium-font-size\">Essa vertente t\u00e3o relevante pra nossa consci\u00eancia humana, visa justamente dar anteparo a toda diversidade viva de ser e estar no mundo em cumprimento de seu direito universal, natural e porque n\u00e3o dizer, divino de existir.<\/p>\n\n\n\n<p class=\"has-medium-font-size\">Buscamos essa representatividade para dar consci\u00eancia a todos do direito a diferen\u00e7as, acertos e erros que por sua beleza em diversidade traz beleza e respeito a todas as criaturas.&nbsp;<\/p>\n\n\n\n<p class=\"has-medium-font-size\">Querer dar atrav\u00e9s da IA ideia de perfei\u00e7\u00e3o e padr\u00f5es inumanos aos personagens, tanto em voz, express\u00f5es, corpos, performances, etc priva o profissional artista do exerc\u00edcio de seu talento e ao ser humano, de o seu direito a singularidade existencial.&nbsp;<\/p>\n\n\n\n<p class=\"has-medium-font-size\">A Miss\u00e3o Fundamental da arte \u00e9 levar reflex\u00e3o profunda sobre a exist\u00eancia do ponto de vista filos\u00f3fico, social e econ\u00f4mico.&nbsp;<\/p>\n\n\n\n<p class=\"has-medium-font-size\">E n\u00f3s artistas em dublagem, n\u00e3o poder\u00edamos nos furtar a isso num momento t\u00e3o importante pra humanidade.&nbsp;<\/p>\n\n\n\n<p class=\"has-medium-font-size\">Momento que em \u00e9 t\u00e3o necess\u00e1rio se perguntar: \u201cQuero?\u201d,\u201dPosso\u201d, \u201dDevo?\u201d -\u201cPra que? Por que?&nbsp;<\/p>\n\n\n\n<p class=\"has-medium-font-size\">Os investimentos em IA visam obviamente maiores obten\u00e7\u00f5es de lucros por seus investidores. Pre\u00e7os menores \u00e0 obten\u00e7\u00e3o de servi\u00e7os.&nbsp;<\/p>\n\n\n\n<p class=\"has-medium-font-size\">Regulamentar a IA exige&nbsp; refletir sobre o que nos \u00e9 mais precioso.<\/p>\n\n\n\n<p class=\"has-medium-font-size\">Mais pre\u00e7os menores pra poucos ou Mais valores maiores pra todos?<\/p>\n\n\n\n<p class=\"has-medium-font-size\">Querem, podem! Mas devem?&nbsp;<\/p>\n\n\n\n<p class=\"has-medium-font-size\">Podem, devem mas querem?<\/p>\n\n\n\n<p class=\"has-medium-font-size\">N\u00f3s, Devemos, Queremos e&nbsp; Podemos!<\/p>\n\n\n\n<p class=\"has-medium-font-size\">Somos pela preserva\u00e7\u00e3o dessa arte que cativa quando expressa vida.&nbsp;<\/p>\n\n\n\n<p class=\"has-medium-font-size\">E temos uma vida operando em cada lugar no processo criativo da dublagem, al\u00e9m do microfone.<\/p>\n\n\n\n<p class=\"has-medium-font-size\">Queremos manifestar e erguer nossa bandeira porque nossa arte \u00e9 \u00fanica, humana e fundamental por isso queremos<\/p>\n\n\n\n<p class=\"has-medium-font-size\">A DUBLAGEM VIVA!<\/p>\n\n\n\n<p class=\"has-medium-font-size\">VIVA A DUBLAGEM VIVA!!<\/p>\n","protected":false},"excerpt":{"rendered":"<p>MANIFESTO PELA REGULAMENTA\u00c7\u00c3O DA IA&nbsp; Neste momento hist\u00f3rico, n\u00f3s, profissionais de Dublagem do Brasil, nos manifestamos pela regulamenta\u00e7\u00e3o do uso de Intelig\u00eancia Artificial (IA) em nosso setor e em todo setor de arte e cultura considerando que ela pode trazer muitos preju\u00edzos. A dublagem \u00e9 uma forma de adapta\u00e7\u00e3o audiovisual que permite que pessoas que &#8230; <a title=\"Manifesto\" class=\"read-more\" href=\"https:\/\/dublagemviva.com.br\/index.php\/manifesto\/\" aria-label=\"More on Manifesto\">Read more<\/a><\/p>\n","protected":false},"author":1,"featured_media":0,"parent":0,"menu_order":0,"comment_status":"closed","ping_status":"closed","template":"","meta":{"footnotes":""},"class_list":["post-94","page","type-page","status-publish"],"_links":{"self":[{"href":"https:\/\/dublagemviva.com.br\/index.php\/wp-json\/wp\/v2\/pages\/94","targetHints":{"allow":["GET"]}}],"collection":[{"href":"https:\/\/dublagemviva.com.br\/index.php\/wp-json\/wp\/v2\/pages"}],"about":[{"href":"https:\/\/dublagemviva.com.br\/index.php\/wp-json\/wp\/v2\/types\/page"}],"author":[{"embeddable":true,"href":"https:\/\/dublagemviva.com.br\/index.php\/wp-json\/wp\/v2\/users\/1"}],"replies":[{"embeddable":true,"href":"https:\/\/dublagemviva.com.br\/index.php\/wp-json\/wp\/v2\/comments?post=94"}],"version-history":[{"count":8,"href":"https:\/\/dublagemviva.com.br\/index.php\/wp-json\/wp\/v2\/pages\/94\/revisions"}],"predecessor-version":[{"id":118,"href":"https:\/\/dublagemviva.com.br\/index.php\/wp-json\/wp\/v2\/pages\/94\/revisions\/118"}],"wp:attachment":[{"href":"https:\/\/dublagemviva.com.br\/index.php\/wp-json\/wp\/v2\/media?parent=94"}],"curies":[{"name":"wp","href":"https:\/\/api.w.org\/{rel}","templated":true}]}}